{"id":2795,"date":"2018-07-31T22:32:12","date_gmt":"2018-07-31T22:32:12","guid":{"rendered":"https:\/\/siadoc.co\/prueba\/dashboard\/?page_id=2795"},"modified":"2021-04-18T13:42:51","modified_gmt":"2021-04-18T18:42:51","slug":"consultoria","status":"publish","type":"page","link":"https:\/\/siadoc.co\/prueba\/consultoria\/","title":{"rendered":"Consultor\u00eda"},"content":{"rendered":"<p><section class=\"kc-elm kc-css-774972 kc_row\"><div class=\"kc-row-container  kc-container\"><div class=\"kc-wrap-columns\"><div class=\"kc-elm kc-css-714997 kc_col-sm-12 kc_column col-md-12\"><div class=\"kc-col-container\">    <div class=\"crumina-module news-slider-module  kc-elm kc-css-648234\">\n\t\t            <div class=\"swiper-container pagination-bottom\" data-show-items=\"2\" data-scroll-items=\"2\" data-loop=\"false\" data-autoplay=\"3000\" data-loop=\"true\">\n                <div class=\"swiper-wrapper\">\n\t\t\t\t\t                            <div class=\"swiper-slide\">\n\t\t\t\t\t\t\t\t                                    <div class=\"crumina-case-item\">\n                                        <div class=\"case-item__thumb mouseover lightbox shadow animation-disabled\">\n                                            <a href=\"https:\/\/siadoc.co\/prueba\/servicios-especializados-de-consultoria-en-gestion-documental\/\">\n\t\t\t\t\t\t\t\t\t\t\t\t                                                <img src=\"https:\/\/siadoc.co\/prueba\/wp-content\/uploads\/2018\/07\/IMAGEN19-495x371.jpg\"\n                                                     width=\"495\"\n                                                     height=\"371\"\n                                                     alt=\"IMAGEN19\"\/>\n                                            <\/a>\n                                        <\/div>\n                                        <a class=\"case-item__title\"\n                                           href=\"https:\/\/siadoc.co\/prueba\/servicios-especializados-de-consultoria-en-gestion-documental\/\">Servicios Especializados de Consultoria en Gesti\u00f3n Documental<\/a>\n\t\t\t\t\t\t\t\t\t\t                                    <\/div>\n\n\t\t\t\t\t\t\t\t                            <\/div>\n\t\t\t\t\t\t\t                            <div class=\"swiper-slide\">\n\t\t\t\t\t\t\t\t                                    <div class=\"crumina-case-item\">\n                                        <div class=\"case-item__thumb mouseover lightbox shadow animation-disabled\">\n                                            <a href=\"https:\/\/siadoc.co\/prueba\/procesos-de-alistamiento-y-digitalizacion-de-archivo-fisico\/\">\n\t\t\t\t\t\t\t\t\t\t\t\t                                                <img src=\"https:\/\/siadoc.co\/prueba\/wp-content\/uploads\/2020\/09\/IMAGEN20-495x371.jpg\"\n                                                     width=\"495\"\n                                                     height=\"371\"\n                                                     alt=\"IMAGEN20\"\/>\n                                            <\/a>\n                                        <\/div>\n                                        <a class=\"case-item__title\"\n                                           href=\"https:\/\/siadoc.co\/prueba\/procesos-de-alistamiento-y-digitalizacion-de-archivo-fisico\/\">Procesos de Alistamiento y Digitalizaci\u00f3n de Archivo F\u00edsico.<\/a>\n\t\t\t\t\t\t\t\t\t\t                                    <\/div>\n\n\t\t\t\t\t\t\t\t                            <\/div>\n\t\t\t\t\t\t\t                <\/div>\n\t\t\t\t                    <!-- Slider pagination -->\n                    <div class=\"swiper-pagination gray\"><\/div>\n\t\t\t\t            <\/div>\n\t\t    <\/div>\n\n<\/div><\/div><\/div><\/div><\/section><section class=\"kc-elm kc-css-566859 kc_row\"><div class=\"kc-row-container\"><div class=\"kc-wrap-columns\"><div class=\"kc-elm kc-css-843000 kc_col-sm-3 kc_column col-md-3 col-sm-6 col-xs-12\"><div class=\"kc-col-container\"><div class=\"kc-elm kc-css-607114 crumina-module single-image\">\n            <img src=\"https:\/\/siadoc.co\/prueba\/wp-content\/uploads\/2018\/08\/sisblanco.png\" class=\"aligncenter\" alt=\"img\" \/>\n        <\/div>\n<div class=\"kc-elm kc-css-454926 kc_text_block\"><\/p>\n<p>\n<span style=\"color: #ffffff; font-size: 17px !important; margin-bottom: 8px;\"><i class=\"fa fa-phone fa-fw fa-1x t30\"><\/i>(57-1) 624 2201\/ (57-1) 624 2202<\/span><br \/><span style=\"color: #ffffff; margin-bottom: 8px;\"><i class=\"fa fa-envelope fa-fw fa-1x t30\"><\/i>info@siscomputo.com<\/span><br \/><span style=\"color: #ffffff; margin-bottom: 8px;\"><i class=\"fa fa-map-pin fa-fw fa-1x t30\"><\/i>Calle 117B No. 70C \u2013 85<\/span><br \/><span style=\"color: #ffffff; margin-bottom: 6px;\"><i class=\"fa fa-map-signs fa-fw fa-1x t30\"><\/i>Bogot\u00e1 D.C. \u2013 Colombia<\/span><\/p>\n<p>\n<\/div><div class=\"kc-elm kc-css-104462 kc_row kc_row_inner\"><div class=\"kc-elm kc-css-670628 kc_col-of-5 kc_column_inner kc_col-of-5\"><div class=\"kc_wrapper kc-col-inner-container\"><\/div><\/div><div class=\"kc-elm kc-css-893172 kc_col-of-5 kc_column_inner kc_col-of-5\"><div class=\"kc_wrapper kc-col-inner-container\"><div class=\"kc-elm kc-css-211965 crumina-module single-image\">\n        <a  href=\"https:\/\/www.facebook.com\/SomosSiscomputo\/\" title=\"\" target=\"_self\">\n        <img src=\"https:\/\/siadoc.co\/prueba\/wp-content\/uploads\/2020\/08\/facebook-30x30xc.png\" class=\"alignleft image-opacity\" alt=\"img\" alt=\"\" \/>\n    <\/a>\n        <\/div>\n<\/div><\/div><div class=\"kc-elm kc-css-209606 kc_col-of-5 kc_column_inner kc_col-of-5\"><div class=\"kc_wrapper kc-col-inner-container\"><div class=\"kc-elm kc-css-205386 crumina-module single-image\">\n        <a  href=\"https:\/\/twitter.com\/Siscomputo\" title=\"\" target=\"_self\">\n        <img src=\"https:\/\/siadoc.co\/prueba\/wp-content\/uploads\/2020\/08\/twitter-30x30xc.png\" class=\"alignleft image-opacity\" alt=\"img\" alt=\"\" \/>\n    <\/a>\n        <\/div>\n<\/div><\/div><div class=\"kc-elm kc-css-676970 kc_col-of-5 kc_column_inner kc_col-of-5\"><div class=\"kc_wrapper kc-col-inner-container\"><div class=\"kc-elm kc-css-653884 crumina-module single-image\">\n        <a  href=\"https:\/\/www.linkedin.com\/in\/siscomputo-ltda\/\" title=\"\" target=\"_self\">\n        <img src=\"https:\/\/siadoc.co\/prueba\/wp-content\/uploads\/2020\/08\/linkedin-30x30xc.png\" class=\"alignleft image-opacity\" alt=\"img\" alt=\"\" \/>\n    <\/a>\n        <\/div>\n<\/div><\/div><div class=\"kc-elm kc-css-152036 kc_col-of-5 kc_column_inner kc_col-of-5\"><div class=\"kc_wrapper kc-col-inner-container\"><\/div><\/div><\/div><\/div><\/div><div class=\"kc-elm kc-css-256449 kc_col-sm-3 kc_column col-md-3 col-sm-6 col-xs-12\"><div class=\"kc-col-container\"><div class=\"kc-elm kc-css-698458 kc_row kc_row_inner\"><div class=\"kc-elm kc-css-265874 kc_col-sm-12 kc_column_inner col-md-12 col-sm-12\"><div class=\"kc_wrapper kc-col-inner-container\"><div class=\"kc-elm kc-css-312170 crumina-module single-image\">\n            <img src=\"https:\/\/siadoc.co\/prueba\/wp-content\/uploads\/2020\/08\/Laura-Ahumada-C-261x261-1-100x100xc.png\" class=\"aligncenter\" alt=\"img\" \/>\n        <\/div>\n<div class=\"kc-elm kc-css-486126 kc_text_block\"><\/p>\n<h6 style=\"text-align: center;\"><span style=\"color: #ffffff;\"><strong>Laura Ca\u00f1on<\/strong><\/span><\/h6>\n<div style=\"font-family: Lato; font-size: 15px; color: white; line-height: 20px; margin-top: -10px; text-align: center;\">Consultor Gesti\u00f3n Documental y Transformaci\u00f3n Digital<br \/>laura.canon@siscomputo.com<br \/>(57) 301 634 6004<\/div>\n<p>\n<\/div><\/div><\/div><\/div><\/div><\/div><div class=\"kc-elm kc-css-583768 kc_col-sm-3 kc_column col-md-3 col-sm-6 col-xs-12\"><div class=\"kc-col-container\"><div class=\"kc-elm kc-css-306497 kc_row kc_row_inner\"><div class=\"kc-elm kc-css-757778 kc_col-sm-12 kc_column_inner col-md-12 col-sm-12\"><div class=\"kc_wrapper kc-col-inner-container\"><div style=\"height: 205px\"><span style=\"border-radius:25px;\"><iframe src=\"https:\/\/www.google.com\/maps\/embed?pb=!1m14!1m8!1m3!1d994.0986715169662!2d-74.073467!3d4.7013!3m2!1i1024!2i768!4f13.1!3m3!1m2!1s0x0%3A0x199bb64f722998cd!2sSiscomputo!5e0!3m2!1ses!2sco!4v1531448627682\" width=\"100%\" height=\"205\" frameborder=\"0\" style=\"border:0\" allowfullscreen><\/iframe><\/span><\/div><\/div><\/div><\/div><\/div><\/div><div class=\"kc-elm kc-css-770568 kc_col-sm-3 kc_column col-md-3 col-sm-6 col-xs-12\"><div class=\"kc-col-container\">    <div class=\"kc-elm kc-css-133615 crumina-module contact-form\">\n\t\t<div role=\"form\" class=\"wpcf7\" id=\"wpcf7-f3698-o1\" lang=\"en-US\" dir=\"ltr\">\n<div class=\"screen-reader-response\"><p role=\"status\" aria-live=\"polite\" aria-atomic=\"true\"><\/p> <ul><\/ul><\/div>\n<form action=\"\/prueba\/wp-json\/wp\/v2\/pages\/2795#wpcf7-f3698-o1\" method=\"post\" class=\"wpcf7-form init\" novalidate=\"novalidate\" data-status=\"init\">\n<div style=\"display: none;\">\n<input type=\"hidden\" name=\"_wpcf7\" value=\"3698\" \/>\n<input type=\"hidden\" name=\"_wpcf7_version\" value=\"5.4\" \/>\n<input type=\"hidden\" name=\"_wpcf7_locale\" value=\"en_US\" \/>\n<input type=\"hidden\" name=\"_wpcf7_unit_tag\" value=\"wpcf7-f3698-o1\" \/>\n<input type=\"hidden\" name=\"_wpcf7_container_post\" value=\"0\" \/>\n<input type=\"hidden\" name=\"_wpcf7_posted_data_hash\" value=\"\" \/>\n<\/div>\n<div style=\"color:white; line-height:1.2; font-size: 14px; text-align:center; margin-left:1%; margin-right:1%; margin-bottom:-13px;\">CONT\u00c1CTANOS hoy y recibe una asesor\u00eda de c\u00f3mo implementar exitosamente SIADOC<\/div>\n<p><\/br><\/p>\n<p><label><\/p>\n<div style=\"margin-top:-3%; margin-left:2%; margin-right:2%;\"><span class=\"wpcf7-form-control input-standard-grey-wrap your-name\"><input type=\"text\" name=\"your-name\" value=\"\" size=\"40\" class=\"wpcf7-form-control input-standard-grey wpcf7-text wpcf7-validates-as-required\" aria-required=\"true\" aria-invalid=\"false\" placeholder=\"Nombre y Apellidos*\" \/><\/span><\/div>\n<p><\/label><\/p>\n<div class=\"form-row\">\n<div class=\"column-half\" style=\"margin-top:-6%;margin-bottom:-4%\"><span class=\"wpcf7-form-control input-standard-grey-wrap your-email\"><input type=\"email\" name=\"your-email\" value=\"\" size=\"40\" class=\"wpcf7-form-control input-standard-grey wpcf7-text wpcf7-email wpcf7-validates-as-required wpcf7-validates-as-email\" aria-required=\"true\" aria-invalid=\"false\" placeholder=\"Email*\" \/><\/span><\/div>\n<div class=\"column-half\" style=\"margin-top:-6%; margin-bottom:-4%\"><span class=\"wpcf7-form-control input-standard-grey-wrap NoCelular\"><input type=\"tel\" name=\"NoCelular\" value=\"\" size=\"40\" class=\"wpcf7-form-control input-standard-grey wpcf7-text wpcf7-tel wpcf7-validates-as-required wpcf7-validates-as-tel\" aria-required=\"true\" aria-invalid=\"false\" placeholder=\"No de Celular*\" \/><\/span><\/div>\n<p><br>\n<\/div>\n<p><label><br \/>\n[recaptcha]<br \/>\n<\/label><\/p>\n<p><button class=\"btn-hover-shadow btn btn-medium btn-- &quot;wpcf7-form-control input-standard-grey wpcf7-submit btn--yellow&quot;\"><span class=\"text\">Enviar<\/span><span class=\"semicircle\"><\/span><\/button><\/p>\n<div class=\"wpcf7-response-output\" aria-hidden=\"true\"><\/div><\/form><\/div>    <\/div>\n<\/div><\/div><\/div><\/div><\/section><\/p>\n","protected":false},"excerpt":{"rendered":"<\/p><div class=\"more-link\"><a href=\"https:\/\/siadoc.co\/prueba\/procesos-de-alistamiento-y-digitalizacion-de-archivo-fisico\/\" class=\"btn btn-small btn--dark btn-hover-shadow\"><span class=\"text\">Continue Reading<\/span><i class=\"seoicon-right-arrow\"><\/i><\/a><\/div>","protected":false},"author":1,"featured_media":0,"parent":0,"menu_order":0,"comment_status":"closed","ping_status":"closed","template":"","meta":[],"tags":[69,116,115,90,100,81,80,73,65,102,98,112,94,83,88,85,76,74,67,66,86,89,103,107,111,114,78,71,92,105,117,109,113,64,120,119,68,96,121,110,118,63],"_links":{"self":[{"href":"https:\/\/siadoc.co\/prueba\/wp-json\/wp\/v2\/pages\/2795"}],"collection":[{"href":"https:\/\/siadoc.co\/prueba\/wp-json\/wp\/v2\/pages"}],"about":[{"href":"https:\/\/siadoc.co\/prueba\/wp-json\/wp\/v2\/types\/page"}],"author":[{"embeddable":true,"href":"https:\/\/siadoc.co\/prueba\/wp-json\/wp\/v2\/users\/1"}],"replies":[{"embeddable":true,"href":"https:\/\/siadoc.co\/prueba\/wp-json\/wp\/v2\/comments?post=2795"}],"version-history":[{"count":15,"href":"https:\/\/siadoc.co\/prueba\/wp-json\/wp\/v2\/pages\/2795\/revisions"}],"predecessor-version":[{"id":4305,"href":"https:\/\/siadoc.co\/prueba\/wp-json\/wp\/v2\/pages\/2795\/revisions\/4305"}],"wp:attachment":[{"href":"https:\/\/siadoc.co\/prueba\/wp-json\/wp\/v2\/media?parent=2795"}],"wp:term":[{"taxonomy":"post_tag","embeddable":true,"href":"https:\/\/siadoc.co\/prueba\/wp-json\/wp\/v2\/tags?post=2795"}],"curies":[{"name":"wp","href":"https:\/\/api.w.org\/{rel}","templated":true}]}}